{"id":325,"date":"2025-10-15T17:12:44","date_gmt":"2025-10-15T14:12:44","guid":{"rendered":"https:\/\/salsabil.fi\/?page_id=325"},"modified":"2026-01-25T22:18:18","modified_gmt":"2026-01-25T20:18:18","slug":"325-2","status":"publish","type":"page","link":"https:\/\/salsabil.fi\/?page_id=325","title":{"rendered":"Hinnasto"},"content":{"rendered":"\n<p id=\"HINNASTO\">HINNASTO PALVELUKATEGORIOITTAIN<\/p>\n\n\n\n<p><strong>KUPPAUS<\/strong><\/p>\n\n\n\n<figure class=\"wp-block-table\"><table class=\"has-fixed-layout\"><tbody><tr><td><strong>Palvelu<\/strong>&nbsp;<\/td><td><strong>Palvelun kuvaus<\/strong>&nbsp;<\/td><td><strong>Palvelun kesto<\/strong>&nbsp;<\/td><td><strong>Palvelun hinta<\/strong>&nbsp;<\/td><\/tr><tr><td>Kuivakuppaus&nbsp;<\/td><td>Niska-, hartia- ja selk\u00e4alueen kuivakuppaus lihasten rentouttamiseen ja kipujen lievitykseen&nbsp;<\/td><td>30 min&nbsp;<\/td><td>40\u20ac&nbsp;<\/td><\/tr><tr><td>Liukukuppaus&nbsp;<\/td><td>Niska-, hartia- ja selk\u00e4alueen kuppaus harmonisoivilla \u00f6ljyill\u00e4 lihasten rentouttamiseen ja kipujen lievitykseen&nbsp;<\/td><td>30 min&nbsp;<\/td><td>40\u20ac&nbsp;<\/td><\/tr><tr><td>Yrttikuppaus&nbsp;<\/td><td>Hartia- ja selk\u00e4alueen kuppaus rentouttavia yrttej\u00e4 sis\u00e4lt\u00e4vill\u00e4 kupeilla&nbsp;<\/td><td>30 min&nbsp;<\/td><td>40\u20ac&nbsp;<\/td><\/tr><tr><td>KUPPAUS ja JOOGA NIDRA\/QI GONG&nbsp;<\/td><td>Yhdistelm\u00e4hoito, jossa teemme ensin jooga nidra tai qi gong harjoitteen ja sen j\u00e4lkeen rentouttavan kuppaushoidon.&nbsp;<\/td><td>45&nbsp;min<\/td><td>59\u20ac\u00a0<\/td><\/tr><\/tbody><\/table><\/figure>\n\n\n\n<p><strong>KOSMEETTISET HOIDOT<\/strong><\/p>\n\n\n\n<figure class=\"wp-block-table\"><table class=\"has-fixed-layout\"><tbody><tr><td>Gua Sha tai kuppaus kasvoille<\/td><td>Kasvokuppauksessa kasvojen ja rintakeh\u00e4n alueen ihoa kupataan liu&#8217;uttamalla kuppeja \u00f6ljytyll\u00e4 iholla tai, jolloin imukupin muodostama alipaine stimuloi pintaverenkiertoa, poistaa turvotuksia ja kirkastaa yleisilmett\u00e4 turvotuksia ja kirkastaa kasvojen yleisilmett\u00e4.&nbsp;Kasvojen qua shassa sama vaikutus saadaan aikaan qua sha-hierontakivell\u00e4.<\/td><td>15&nbsp;min<\/td><td>20\u20ac&nbsp;<\/td><\/tr><tr><td>Gua Sha tai kuppaus kasvoille, reisille, pakaroille ja vatsan seudun alueelle<\/td><td>Kasvohoito sek\u00e4 reisien, pakaroiden ja vatsan seudun selluliittihoito<\/td><td>45\u00a0min<\/td><td>59\u20ac\u00a0<\/td><\/tr><\/tbody><\/table><\/figure>\n\n\n\n<p><strong>MUUT PALVELUT<\/strong><\/p>\n\n\n\n<figure class=\"wp-block-table\"><table class=\"has-fixed-layout\"><tbody><tr><td>Moxa-hoito&nbsp;<\/td><td>Akupisteit\u00e4 tai muita kehon alueita, kuten alaselk\u00e4\u00e4 tai jalkoja l\u00e4mmitt\u00e4m\u00e4ll\u00e4 voidaan lievitt\u00e4\u00e4 lihasper\u00e4isi\u00e4 jumeja ja kipuja&nbsp;<\/td><td>30 min&nbsp;<\/td><td>40\u20ac&nbsp;<\/td><\/tr><tr><td>Moxa-hoito ja jooga nidra\/qi gong&nbsp;<\/td><td>Yhdistelm\u00e4hoito, jossa teemme ensin jooga nidra tai qi gong harjoitteen ja sen j\u00e4lkeen rentouttavan moxa-hoidon&nbsp;<\/td><td>45 min&nbsp;<\/td><td>59\u20ac\u00a0<\/td><\/tr><tr><td>Korvamagneetit NADA-pisteisiin&nbsp;<\/td><td>Molempiin korviin laitetaan viisi magneettia, joiden stimuloiminen voi v\u00e4hent\u00e4\u00e4 mielitekoja, helpottaa stressi\u00e4 ja selkeytt\u00e4\u00e4 mielt\u00e4. K\u00e4ytet\u00e4\u00e4n my\u00f6s vierottautumisesta tukemiseen.&nbsp;<\/td><td>15 min&nbsp;<\/td><td>10\u20ac&nbsp;<\/td><\/tr><tr><td>Hieronta&nbsp;<\/td><td>Klassinen hieronta tai tuina-hieronta&nbsp;<\/td><td>30 min&nbsp;<\/td><td>60\u20ac&nbsp;<\/td><\/tr><\/tbody><\/table><\/figure>\n","protected":false},"excerpt":{"rendered":"<p>HINNASTO PALVELUKATEGORIOITTAIN KUPPAUS Palvelu&nbsp; Palvelun kuvaus&nbsp; Palvelun kesto&nbsp; Palvelun hinta&nbsp; Kuivakuppaus&nbsp; Niska-, hartia- ja selk\u00e4alueen kuivakuppaus lihasten rentouttamiseen ja kipujen lievitykseen&nbsp; 30 min&nbsp; 40\u20ac&nbsp; Liukukuppaus&nbsp; Niska-, hartia- ja selk\u00e4alueen kuppaus harmonisoivilla \u00f6ljyill\u00e4 lihasten rentouttamiseen ja kipujen lievitykseen&nbsp; 30 min&nbsp; 40\u20ac&nbsp; Yrttikuppaus&nbsp; Hartia- ja selk\u00e4alueen kuppaus rentouttavia yrttej\u00e4 sis\u00e4lt\u00e4vill\u00e4 kupeilla&nbsp; 30 min&nbsp; 40\u20ac&nbsp; KUPPAUS ja JOOGA [&hellip;]<\/p>\n","protected":false},"author":1,"featured_media":0,"parent":0,"menu_order":2,"comment_status":"closed","ping_status":"closed","template":"salsabil","meta":{"om_disable_all_campaigns":false,"_exactmetrics_skip_tracking":false,"_exactmetrics_sitenote_active":false,"_exactmetrics_sitenote_note":"","_exactmetrics_sitenote_category":0,"_monsterinsights_skip_tracking":false,"_monsterinsights_sitenote_active":false,"_monsterinsights_sitenote_note":"","_monsterinsights_sitenote_category":0,"postBodyCss":"","postBodyMargin":[],"postBodyPadding":[],"postBodyBackground":{"backgroundType":"classic","gradient":""},"_themeisle_gutenberg_block_has_review":false,"footnotes":""},"class_list":["post-325","page","type-page","status-publish","hentry"],"aioseo_notices":[],"_links":{"self":[{"href":"https:\/\/salsabil.fi\/index.php?rest_route=\/wp\/v2\/pages\/325","targetHints":{"allow":["GET"]}}],"collection":[{"href":"https:\/\/salsabil.fi\/index.php?rest_route=\/wp\/v2\/pages"}],"about":[{"href":"https:\/\/salsabil.fi\/index.php?rest_route=\/wp\/v2\/types\/page"}],"author":[{"embeddable":true,"href":"https:\/\/salsabil.fi\/index.php?rest_route=\/wp\/v2\/users\/1"}],"replies":[{"embeddable":true,"href":"https:\/\/salsabil.fi\/index.php?rest_route=%2Fwp%2Fv2%2Fcomments&post=325"}],"version-history":[{"count":11,"href":"https:\/\/salsabil.fi\/index.php?rest_route=\/wp\/v2\/pages\/325\/revisions"}],"predecessor-version":[{"id":566,"href":"https:\/\/salsabil.fi\/index.php?rest_route=\/wp\/v2\/pages\/325\/revisions\/566"}],"wp:attachment":[{"href":"https:\/\/salsabil.fi\/index.php?rest_route=%2Fwp%2Fv2%2Fmedia&parent=325"}],"curies":[{"name":"wp","href":"https:\/\/api.w.org\/{rel}","templated":true}]}}